{"id":732,"date":"2022-06-23T23:30:29","date_gmt":"2022-06-23T21:30:29","guid":{"rendered":"https:\/\/adric-interculturel.com\/citoyennete\/?page_id=732"},"modified":"2022-06-23T23:30:30","modified_gmt":"2022-06-23T21:30:30","slug":"favoriser-linscription-des-filles-et-jeunes-femmes","status":"publish","type":"page","link":"https:\/\/adric-interculturel.com\/citoyennete\/guide-de-bonnes-pratiques-sur-la-mixite-dans-les-activites-jeunesses\/favoriser-linscription-des-filles-et-jeunes-femmes\/","title":{"rendered":"Favoriser l\u2019inscription des filles et jeunes femmes"},"content":{"rendered":"\nLa majorit\u00e9 des structures interrog\u00e9es\nont soulign\u00e9 le fait qu\u2019elles ne g\u00e8rent pas toujours directement les inscriptions\naux activit\u00e9s. Soit elles sont pr\u00e9sent\u00e9es aux parents par un catalogue, soit\nelles se font en mairie.\n\n\n\n\n<div style=\"height:20px\" aria-hidden=\"true\" class=\"wp-block-spacer\"><\/div>\n\n\n\n\nDans les bonnes pratiques\nretenues, on notera le fait d\u2019\u00e9voquer la mixit\u00e9 des activit\u00e9s, ainsi que la\ncharte de la structure qui id\u00e9alement aura inscrit l\u2019\u00e9galit\u00e9 femme-homme comme\nune valeur centrale. Un suivi des inscriptions peut \u00e9galement permettre de voir\nsi un groupe ou un sport va \u00eatre d\u00e9s\u00e9quilibr\u00e9 en termes de ratio filles-gar\u00e7ons.\n\n\n\n\n<div style=\"height:20px\" aria-hidden=\"true\" class=\"wp-block-spacer\"><\/div>\n\n\n\n\nA ce titre, 3 des personnes\ninterview\u00e9es ont pr\u00e9cis\u00e9 qu\u2019il est important que les membres du personnel qui\nprennent en charge l\u2019inscription soient form\u00e9s \u00e0 la mixit\u00e9 et \u00e0 l\u2019\u00e9galit\u00e9 filles-gar\u00e7ons,\net \u00e9galement aient une bonne connaissance des publics pour mieux r\u00e9pondre \u00e0\nleurs interrogations et faire la promotion de la mixit\u00e9.\n\n\n\n\n<div style=\"height:20px\" aria-hidden=\"true\" class=\"wp-block-spacer\"><\/div>\n\n\n\n\nAinsi ils et elles pourront&nbsp;:\n\n\n\n\n<div style=\"height:10px\" aria-hidden=\"true\" class=\"wp-block-spacer\"><\/div>\n\n\n\n\n\n<ul><li><strong>pr\u00e9senter l\u2019\u00e9tendue des activit\u00e9s<\/strong>, <strong>au-del\u00e0 des st\u00e9r\u00e9otypes,<\/strong> quand les familles cherchent \u00e0 inscrire un gar\u00e7on ou une fille afin d\u2019\u00e9viter que l\u2019orientation se fasse vers le sport pour les gar\u00e7ons et vers les pratiques artistiques pour les filles. <\/li><li><strong>discuter sur les activit\u00e9s des autres membres de la fratrie<\/strong>, car d\u00e8s qu\u2019il est expliqu\u00e9 que les activit\u00e9s sont mixtes, vari\u00e9es et que de nombreuses filles s\u2019y inscrivent, les parents consid\u00e8rent effectivement l\u2019inscription de leurs filles, m\u00eame s\u2019ils \u00e9taient venus \u00e0 l\u2019origine pour inscrire leurs fils. <\/li><li><strong>pr\u00e9senter les bienfaits du sport<\/strong> d\u2019un point de vue de la sant\u00e9 bien s\u00fbr, mais \u00e9galement pour les jeunes filles en terme d\u2019\u00e9panouissement, d\u2019insertion sociale, de confiance en soi et de valorisation au niveau professionnel, et cr\u00e9er un lien de confiance avec les familles. <\/li><li><strong>rappeler les objectifs de l\u2019activit\u00e9<\/strong>. Une structure interrog\u00e9e souligne syst\u00e9matiquement&nbsp; aux jeunes et aux parents que le but est de passer du temps ensemble, d\u2019apprendre une technique, de travailler sur soi, plut\u00f4t que la comp\u00e9tition pure. <\/li><\/ul>\n\n\n\n\n\n<div style=\"height:20px\" aria-hidden=\"true\" class=\"wp-block-spacer\"><\/div>\n\n\n\n\n\n<p class=\"has-background has-luminous-vivid-amber-background-color\"><strong><em>Autres initiatives<\/em><\/strong><em> : le programme \u00ab L dans la ville \u00bb de l\u2019association \u00ab Sport dans la ville \u00bb est un programme transversal qui vise \u00e0 promouvoir la participation des filles dans le sport comme facteur d\u2019\u00e9panouissement personnel mais \u00e9galement d\u2019insertion professionnelle. A ce titre l\u2019association organise des rencontres avec des sportives professionnelles o\u00f9 gar\u00e7ons et filles peuvent poser leurs questions.<\/em><\/p>\n\n","protected":false},"excerpt":{"rendered":"<p>La majorit\u00e9 des structures interrog\u00e9es ont soulign\u00e9 le fait qu\u2019elles ne g\u00e8rent pas toujours directement les inscriptions aux activit\u00e9s. Soit elles sont pr\u00e9sent\u00e9es aux parents par un catalogue, soit elles se font en mairie. Dans les bonnes pratiques retenues, on notera le fait d\u2019\u00e9voquer la mixit\u00e9 des activit\u00e9s, ainsi que la charte de la structure [&hellip;]<\/p>\n","protected":false},"author":1,"featured_media":0,"parent":641,"menu_order":3,"comment_status":"closed","ping_status":"closed","template":"","meta":{"_monsterinsights_skip_tracking":false,"_monsterinsights_sitenote_active":false,"_monsterinsights_sitenote_note":"","_monsterinsights_sitenote_category":0},"_links":{"self":[{"href":"https:\/\/adric-interculturel.com\/citoyennete\/wp-json\/wp\/v2\/pages\/732"}],"collection":[{"href":"https:\/\/adric-interculturel.com\/citoyennete\/wp-json\/wp\/v2\/pages"}],"about":[{"href":"https:\/\/adric-interculturel.com\/citoyennete\/wp-json\/wp\/v2\/types\/page"}],"author":[{"embeddable":true,"href":"https:\/\/adric-interculturel.com\/citoyennete\/wp-json\/wp\/v2\/users\/1"}],"replies":[{"embeddable":true,"href":"https:\/\/adric-interculturel.com\/citoyennete\/wp-json\/wp\/v2\/comments?post=732"}],"version-history":[{"count":4,"href":"https:\/\/adric-interculturel.com\/citoyennete\/wp-json\/wp\/v2\/pages\/732\/revisions"}],"predecessor-version":[{"id":774,"href":"https:\/\/adric-interculturel.com\/citoyennete\/wp-json\/wp\/v2\/pages\/732\/revisions\/774"}],"up":[{"embeddable":true,"href":"https:\/\/adric-interculturel.com\/citoyennete\/wp-json\/wp\/v2\/pages\/641"}],"wp:attachment":[{"href":"https:\/\/adric-interculturel.com\/citoyennete\/wp-json\/wp\/v2\/media?parent=732"}],"curies":[{"name":"wp","href":"https:\/\/api.w.org\/{rel}","templated":true}]}}